{"id":5581,"date":"2025-12-07T22:56:13","date_gmt":"2025-12-07T22:56:13","guid":{"rendered":"https:\/\/fourbambalaj.com\/?page_id=5581"},"modified":"2025-12-12T14:15:24","modified_gmt":"2025-12-12T14:15:24","slug":"pecete-grubu","status":"publish","type":"page","link":"https:\/\/fourbambalaj.com\/index.php\/pecete-grubu\/","title":{"rendered":"Pe\u00e7ete Grubu"},"content":{"rendered":"<div class=\"wpb-content-wrapper\"><p>[vc_row][vc_column][tm_heading tag=&#8221;h1&#8243; custom_google_font=&#8221;&#8221; align=&#8221;center&#8221; text=&#8221;Pe\u00e7ete Grubu&#8221;][tm_spacer size=&#8221;lg:100&#8243;][vc_row_inner][vc_column_inner width=&#8221;1\/3&#8243;][tm_box_icon align=&#8221;center&#8221; image=&#8221;5815&#8243; box_link=&#8221;url:https%3A%2F%2Ffourbambalaj.com%2Findex.php%2Fairlaid-pecete%2F|title:Airlaid%20Pe%C3%A7eteler&#8221; heading=&#8221;Airlaid Pe\u00e7eteler&#8221;][\/vc_column_inner][vc_column_inner width=&#8221;1\/3&#8243;][tm_box_icon align=&#8221;center&#8221; image=&#8221;5515&#8243; heading=&#8221;Renkli Pe\u00e7eteler&#8221; box_link=&#8221;url:https%3A%2F%2Ffourbambalaj.com%2Findex.php%2Frenkli-peceteler%2F|title:Renkli%20Pe%C3%A7eteler&#8221;][\/vc_column_inner][vc_column_inner width=&#8221;1\/3&#8243;][tm_box_icon align=&#8221;center&#8221; image=&#8221;5510&#8243; heading=&#8221;Bask\u0131s\u0131z Pe\u00e7eteler&#8221; box_link=&#8221;url:https%3A%2F%2Ffourbambalaj.com%2Findex.php%2Fbaskisiz-peceteler%2F|title:Bask%C4%B1s%C4%B1z%20Pe%C3%A7eteler&#8221;][\/vc_column_inner][\/vc_row_inner][tm_spacer size=&#8221;lg:50&#8243;][vc_row_inner][vc_column_inner width=&#8221;1\/3&#8243;][tm_box_icon align=&#8221;center&#8221; image=&#8221;5811&#8243; heading=&#8221;Bask\u0131l\u0131 Pe\u00e7eteler&#8221; box_link=&#8221;url:https%3A%2F%2Ffourbambalaj.com%2Findex.php%2Fbaskili-peceteler%2F|title:Bask%C4%B1l%C4%B1%20Pe%C3%A7eteler&#8221;][\/vc_column_inner][vc_column_inner width=&#8221;1\/3&#8243;][tm_box_icon align=&#8221;center&#8221; image=&#8221;5678&#8243; heading=&#8221;Logo Bask\u0131l\u0131 Pe\u00e7eteler&#8221; box_link=&#8221;url:https%3A%2F%2Ffourbambalaj.com%2Findex.php%2Flogo-baskili-peceteler%2F|title:Logo%20Bask%C4%B1l%C4%B1%20Pe%C3%A7eteler&#8221;][\/vc_column_inner][vc_column_inner width=&#8221;1\/3&#8243;][\/vc_column_inner][\/vc_row_inner][\/vc_column][\/vc_row]<\/p>\n<\/div>","protected":false},"excerpt":{"rendered":"<p>[vc_row][vc_column][tm_heading tag=&#8221;h1&#8243; custom_google_font=&#8221;&#8221; align=&#8221;center&#8221; text=&#8221;Pe\u00e7ete Grubu&#8221;][tm_spacer size=&#8221;lg:100&#8243;][vc_row_inner][vc_column_inner width=&#8221;1\/3&#8243;][tm_box_icon align=&#8221;center&#8221; image=&#8221;5815&#8243; box_link=&#8221;url:https%3A%2F%2Ffourbambalaj.com%2Findex.php%2Fairlaid-pecete%2F|title:Airlaid%20Pe%C3%A7eteler&#8221; heading=&#8221;Airlaid Pe\u00e7eteler&#8221;][\/vc_column_inner][vc_column_inner width=&#8221;1\/3&#8243;][tm_box_icon align=&#8221;center&#8221; image=&#8221;5515&#8243; heading=&#8221;Renkli Pe\u00e7eteler&#8221; box_link=&#8221;url:https%3A%2F%2Ffourbambalaj.com%2Findex.php%2Frenkli-peceteler%2F|title:Renkli%20Pe%C3%A7eteler&#8221;][\/vc_column_inner][vc_column_inner width=&#8221;1\/3&#8243;][tm_box_icon align=&#8221;center&#8221; image=&#8221;5510&#8243; heading=&#8221;Bask\u0131s\u0131z Pe\u00e7eteler&#8221; box_link=&#8221;url:https%3A%2F%2Ffourbambalaj.com%2Findex.php%2Fbaskisiz-peceteler%2F|title:Bask%C4%B1s%C4%B1z%20Pe%C3%A7eteler&#8221;][\/vc_column_inner][\/vc_row_inner][tm_spacer size=&#8221;lg:50&#8243;][vc_row_inner][vc_column_inner width=&#8221;1\/3&#8243;][tm_box_icon align=&#8221;center&#8221; image=&#8221;5811&#8243; heading=&#8221;Bask\u0131l\u0131 Pe\u00e7eteler&#8221; box_link=&#8221;url:https%3A%2F%2Ffourbambalaj.com%2Findex.php%2Fbaskili-peceteler%2F|title:Bask%C4%B1l%C4%B1%20Pe%C3%A7eteler&#8221;][\/vc_column_inner][vc_column_inner width=&#8221;1\/3&#8243;][tm_box_icon align=&#8221;center&#8221; image=&#8221;5678&#8243; heading=&#8221;Logo Bask\u0131l\u0131 Pe\u00e7eteler&#8221; box_link=&#8221;url:https%3A%2F%2Ffourbambalaj.com%2Findex.php%2Flogo-baskili-peceteler%2F|title:Logo%20Bask%C4%B1l%C4%B1%20Pe%C3%A7eteler&#8221;][\/vc_column_inner][vc_column_inner width=&#8221;1\/3&#8243;][\/vc_column_inner][\/vc_row_inner][\/vc_column][\/vc_row]<\/p>\n","protected":false},"author":1,"featured_media":0,"parent":0,"menu_order":0,"comment_status":"closed","ping_status":"closed","template":"","meta":{"footnotes":""},"class_list":["post-5581","page","type-page","status-publish","hentry","post-no-thumbnail"],"_links":{"self":[{"href":"https:\/\/fourbambalaj.com\/index.php\/wp-json\/wp\/v2\/pages\/5581","targetHints":{"allow":["GET"]}}],"collection":[{"href":"https:\/\/fourbambalaj.com\/index.php\/wp-json\/wp\/v2\/pages"}],"about":[{"href":"https:\/\/fourbambalaj.com\/index.php\/wp-json\/wp\/v2\/types\/page"}],"author":[{"embeddable":true,"href":"https:\/\/fourbambalaj.com\/index.php\/wp-json\/wp\/v2\/users\/1"}],"replies":[{"embeddable":true,"href":"https:\/\/fourbambalaj.com\/index.php\/wp-json\/wp\/v2\/comments?post=5581"}],"version-history":[{"count":15,"href":"https:\/\/fourbambalaj.com\/index.php\/wp-json\/wp\/v2\/pages\/5581\/revisions"}],"predecessor-version":[{"id":5816,"href":"https:\/\/fourbambalaj.com\/index.php\/wp-json\/wp\/v2\/pages\/5581\/revisions\/5816"}],"wp:attachment":[{"href":"https:\/\/fourbambalaj.com\/index.php\/wp-json\/wp\/v2\/media?parent=5581"}],"curies":[{"name":"wp","href":"https:\/\/api.w.org\/{rel}","templated":true}]}}